 3041 = -4*y. Is w prime?
False
Suppose -313 - 7 = 4*o. Let h be 30/o - 1830/(-16). Suppose h = x - 7. Is x composite?
True
Let s(r) = -r**2 - 8*r - 2. Suppose d - 3 - 1 = 0, 2*d = 2*q + 14. Is s(q) prime?
True
Let k be 1 - -5 - (4 - 0). Let u = -140 - -231. Suppose u = k*m - m. Is m composite?
True
Let h be ((-10)/15)/(2/9) + 2428. Let p = h + 1068. Is p a composite number?
True
Suppose -3*z - 3*z + 18 = 0. Suppose 5*x + 4*a + 1 = 0, x + x = a + 10. Suppose z*b - 252 = -x*d, 3*d + 5*b = 104 + 150. Is d composite?
False
Suppose 4*i - 59 = 97. Let h = i + 58. Is h a composite number?
False
Suppose z + 2*z = 6648. Suppose -2*j - 2*j = -z. Suppose h = 225 + j. Is h a composite number?
True
Suppose 4*t = -9*t + 39. Is (t/(-1) - -40) + -4 a prime number?
False
Let s(w) = w - 11. Let f be s(14). Suppose -426 = -f*v - 3*n, -3*v + n = -0*n - 446. Let x = v - -162. Is x a composite number?
True
Let j be 115/35 - 2/7. Suppose -v + j*v = 28. Is 23/(2/v - 0) a prime number?
False
Let v = -23 + 26. Is (-1 + v - -2) + 847 composite?
True
Suppose -5*q + 9*f - 5*f + 343629 = 0, -q + 68737 = 2*f. Is q composite?
False
Let h = -4381 + 7465. Suppose 0 = -3*n + 7011 + h. Is n a prime number?
False
Let d be -1*(8403 + 4)*-1. Suppose -d = -9*s + 9026. Is s a prime number?
False
Let j(q) = -q**2 - 10*q + 1. Let a be j(-10). Let k be (a + 2)*20/3. Suppose -1 = r, -n + 4*r + r = -k. Is n a prime number?
False
Let i be (51/(-85))/(1/(-5)). Suppose i*s + 3 = 0, -5 = 2*a - 5*a + 5*s. Is -49*(a + 0 + -1) composite?
True
Let l(v) = -49*v - 6. Let r be l(6). Let m be (-34)/(5/(r/8)). Let w = -98 + m. Is w a composite number?
False
Suppose -3*a + 2*x + 2426 = -a, 4*a = -3*x + 4852. Is a prime?
True
Let l be 261 + 6 - (-2 + 1). Let k = l - 181. Is k prime?
False
Let s = 68 + -63. Suppose s*j = -5*l + 4175, -3*j + 894 + 1603 = l. Is j composite?
True
Let m be 3/(-4) + 5706/24. Suppose -5*d = v - m, 2*d - 32 - 58 = 2*v. Let w = d - 13. Is w a composite number?
True
Suppose -2*t + 18*a - 19*a = -24808, 5*t = -5*a + 62025. Is t a prime number?
False
Let u = 20167 - 9866. Is u a composite number?
False
Let t be 1 - 16/(-12)*6. Suppose -2*k - 3 = -t. Suppose k*i = 5*i - 106. Is i a prime number?
True
Suppose -h + k + 5 = 0, 4*h = -h - k + 13. Suppose 2*o - 6*o + 5*u + 5434 = 0, -h*u = -5*o + 6799. Is o a prime number?
True
Is 105914/7 + (-33)/(-77) composite?
False
Let n = -430 + 430. Let a(v) = -v**2 - v - 1. Let i(o) = 5*o**2 + 6*o - 5. Let c(r) = -6*a(r) - i(r). Is c(n) prime?
True
Suppose -5*d + 5*w = -20 - 5, -5 = w. Suppose -g - 2 = -3*j + 1, j - 3*g = -7. Suppose d*f = j*f - 130. Is f prime?
False
Suppose -3*a + 113 = 41. Is ((-3)/2)/(a/(-1488)) a prime number?
False
Let o(y) = 2*y**2 - 23*y - 42. Let p be o(17). Suppose -912 + p = -13*x. Is x prime?
True
Suppose 3*v - 2572 = 24287. Is v composite?
True
Let w(c) = -c**3 - 14*c**2 + 9*c - 40. Let h be w(-20). Suppose m + 5*z = 6*m - h, -5*m + 2*z = -2183. Is m a composite number?
True
Let y = -18 - -20. Suppose 0 = -2*r - 0*c - 3*c - 2, 0 = -c - y. Suppose -r*v + 67 = -195. Is v prime?
True
Let f = 158 - 102. Let s(a) = a**2 + 7*a - 5. Let k be s(-8). Suppose -f = -k*z + 97. Is z a composite number?
True
Let j = -22 + 29. Suppose d + 6*s - 2047 = j*s, -2*s = 0. Is d a composite number?
True
Suppose -3*u - 869 = 5*z - 11996, 4*u - 4*z = 14836. Is u a composite number?
False
Let f = 71 + -68. Suppose f*a + 5033 = 4*s, 3*s + 2*a = 2*s + 1272. Is s prime?
False
Let c = -2 + 7. Suppose -2*a - 23 = -c. Let f = -6 - a. Is f a composite number?
False
Suppose 8*y = 13*y - 50. Let d = y - 24. Is 8/d + 73902/42 prime?
True
Is (-242200)/(-125) + (-9)/15 composite?
True
Let x = 6260 - 3199. Is x a composite number?
False
Let f(j) = 116*j**2 + 149*j**2 - 35*j**2 + 35*j**2. Is f(1) a composite number?
True
Suppose -281303 = -24*n + 76129. Is n a prime number?
False
Suppose 8323 + 10483 = 4*g - 2*h, -g + 3*h = -4714. Is g composite?
True
Suppose -22*y + 64837 = y. Is y a composite number?
False
Let d be (1 - 1) + 8 + -5 + 1. Suppose -d*z + 1226 = -g, -3*z = -4*g - 968 + 55. Is z composite?
False
Let h = -4034 + 5793. Is h prime?
True
Suppose 0 = 8*a - 7*a. Suppose -3*i + 33775 - 8815 = a. Is (-6)/(-14) + i/56 a prime number?
True
Suppose -8*k + 9*k - 4 = 0. Suppose -2*t + 3434 = 3*i, -2618 = -k*i - 2*t + 1964. Suppose 10*q - i = 6*q. Is q a composite number?
True
Suppose 10 = 3*s - 5*f, -25 - 1 = -s - 4*f. Let b be 113 + 5 + 4 - -1. Let o = b - s. Is o prime?
True
Let l(r) = r**3 - 6*r**2 + 5*r - 3. Let z be l(5). Let s(x) = 44*x**2 - 3. Let a be s(z). Suppose -4*c - p + 1568 = 4*p, -c + a = p. Is c a composite number?
False
Let s(y) = 239*y - 7. Let j be s(2). Suppose f - 2*m - 778 = j, 0 = -2*m - 6. Is f a prime number?
False
Suppose -10*x + 1325 + 19135 = 0. Let u = -1261 + x. Is u prime?
False
Suppose -14*o + 12*o + 28 = 0. Suppose 115 = o*j - 9*j. Let s = 56 + j. Is s composite?
False
Is (-3 + 56806/6)/((-4)/(-6)) a composite number?
False
Suppose -13*w + 7099 = -7682. Is w a composite number?
True
Let t(d) = -344*d**3 + d**2 + d + 5. Is t(-2) a composite number?
True
Suppose 3*q = -q + 8. Let f(o) = -o**2 + 13*o - 19. Let s be f(11). Is s - (1 + q + -573) a prime number?
False
Let x = 26 + -9. Let s = x - 21. Is (-82)/(-1) - (7 + s) a prime number?
True
Let d(t) = 6*t**2 - 325*t - 70. Is d(-29) a prime number?
True
Let z(f) = 94*f**2 - 41*f - 182. Let b be z(-4). Let u(n) = -8*n**3 - 3*n**2 + 2*n. Let t be u(-5). Let h = b - t. Is h prime?
True
Suppose -3*q + 3 - 1 = 5*o, 0 = -5*q + 3*o - 42. Let k(a) be the third derivative of a**5/30 + a**4/6 + a**3/6 + 4*a**2. Is k(q) a prime number?
False
Suppose 3*f + 0*f + 279 = 0. Let d be 0 + f/(-3) - 0. Suppose -32*n + 223 = -d*n. Is n composite?
False
Is 1145357/341 - (-4)/22 composite?
False
Let s(c) = -1107*c + 50. Is s(-4) prime?
False
Let k be (-1 - -40) + 12/(-4). Suppose -20 - k = -4*l. Suppose -3*i + l = -2*i. Is i a prime number?
False
Let z(r) = 4*r - 20. Let g be z(6). Suppose x + 5*b - 136 = 13, -4*b = g*x - 564. Is x a prime number?
True
Let z be (-12)/20 + (-342)/5. Let j = z + 126. Is j a composite number?
True
Suppose 0 = -9*v + 145968 + 31161. Is v a prime number?
True
Let q(b) = -11*b**3 + 9*b**2 + 6*b + 7. Is q(-8) a prime number?
False
Suppose 25*z = -36*z + 4114267. Is z a composite number?
False
Let u be (7 - 6)/(1/(-12)). Let i be 6*(880/u)/(-5). Is i + 6*3/6 a composite number?
True
Let c = 25 - 11. Let k(o) = o**3 - 7*o**2 - 8*o - 7. Is k(c) composite?
True
Suppose -6*l + 35348 = 5618. Is l a prime number?
False
Let d = 110 - 83. Suppose 0 = -23*k + d*k - 2252. Is k a prime number?
True
Suppose 0 = 3*n + 25 - 553. Suppose -364 = 4*t + c, -6 - n = 2*t - 2*c. Let h = t + 268. Is h composite?
True
Suppose -57*g + 2223185 = 557018. Is g a composite number?
False
Is (184770/270)/(-2*(-1)/6) prime?
True
Suppose 18*c + 5 = 19*c. Suppose -7933 = -c*z + 7662. Is z a composite number?
False
Let k = -9403 + 14480. Is k a prime number?
True
Let a(c) = -c**3 + 4*c**2 - c - 1. Let y = 13 + -10. Let n(q) = -2*q**3 + 9*q**2 - 3*q - 3. Let m(s) = y*n(s) - 7*a(s). Is m(3) composite?
True
Let y(x) = 3*x**2 - 7*x + 3. Suppose 4*o = -2*m + 24, 0*o - 18 = -5*m + 4*o. Is y(m) a composite number?
True
Let r(o) = o**3 - 4*o**2 + 2*o - 6. Let j(w) = -1. Let s(d) = -j(d) + r(d). Let b be s(8). Suppose 675 = 6*a - b. Is a a prime number?
True
Suppose 0 = -6*t - 74220 + 259398. Is t prime?
False
Let k(a) = -24*a - 4*a - 3 + 6 - 2. Let b be k(-2). Is (b/6)/((-1)/(-2)) composite?
False
Is (-153904)/(-5) + ((-10)/25)/(-2) a composite number?
False
Let c = 3829 + -19747. Is c/(-12) - (-2)/4 prime?
True
Let i be (-2)/16*-2 - (-930)/120. Is -4*(-3 - 19558/i) composite?
False
Suppose q - 8432 - 30031 = 4*z, 4*z - 38431 = -q. Is q composite?
False
Let p(c) be the third derivative of 19*c**5/6 + c**4/12 + c**3/2 - 4*c**2. Is p(-1) a prime number?
True
Let i be (12/18)/1 + 1579/3. Let y = -316 + i. Is y composite?
False
Is 6/18 - 651364/(-42) a prime number?
False
Is (-5 + 5671)*(10/(-2))/(-10) a composite number?
False
Suppose -2634 = -7*f + f. Suppose 2*k = 4*k - 4*o - 294, 0 = -3*k + 4*o + f. Is k a prime number?
False
Let q(d) = d**2 + 7*d + 9. Let a be q(-6). Suppose -a*m + 0*m + 2*h + 85 = 0, -5*